+ 5*m + 7. Let w be g(0). Let q(b) = -b**3 + 8*b**2 + 5*b - 45. Let a be q(w). What is the highest common divisor of a and 429?
39
Suppose -5*s = -9 - 1. Let y be s/(-10) - (-32)/10. Suppose 5*m - y*m - 30 = 0. What is the highest common divisor of m and 5?
5
Let s = -244 - -94. Let i be (s/(-20) - 9)*220/(-6). Calculate the highest common factor of 11 and i.
11
Let r(z) = z**3 + 74*z**2 + 46*z - 1952. Let c be r(-73). Calculate the highest common divisor of c and 4294.
19
Let b(h) = h**2 - 17*h - 28. Let t be b(18). Let z(w) = -w**2 - 10*w + 5. Let d be z(t). Suppose -d*r + 5 = -0. What is the highest common factor of 25 and r?
1
Let h = 355 - 133. Suppose -4*k + 834 + h = 0. Calculate the greatest common factor of 24 and k.
24
Let z(w) = 73 + 27*w - 4 - 197 - 15. Let y be z(13). What is the greatest common factor of 26 and y?
26
Let f = -8 - -12. Suppose f*q = -4 + 20, -5*q = -5*m + 205. Let p = -43 + m. Calculate the highest common divisor of 6 and p.
2
Let p(g) = 9*g + 175. Let i be p(-19). Suppose i*q = -4*s + 204, -6*s = -9*s + 4*q + 167. Calculate the highest common factor of 159 and s.
53
Suppose -1681 = -5*j - 531. Suppose -4066*d + 4072*d = 75 + 45. Calculate the highest common divisor of j and d.
10
Suppose 9*m - 389 = 799. Suppose 2*s = -3*s + 2*d - 18, 4*s = -2*d. Let b be s/(-7) + 313/7 + -1. What is the highest common factor of b and m?
44
Let h(m) = 2*m + 3. Let r be h(3). Suppose -a = 17*c - 13*c + 676, 3*a - 692 = 4*c. Let o = 251 + c. What is the highest common divisor of o and r?
9
Let b = 1637 - 1501. What is the highest common factor of 51 and b?
17
Let k be (-20)/(-6) - ((-79420)/33)/19. Calculate the greatest common factor of 1196 and k.
26
Let s be (-144)/((-378)/(-21)) + 19. Suppose 5*m - 422 = -3*w + 484, -3*w + m + 888 = 0. What is the greatest common divisor of s and w?
11
Let n = -22105 + 28772. Calculate the greatest common factor of n and 113.
113
Let q = 188 - 182. Let y be (6/1)/((-402)/(-66) - q). What is the highest common factor of 165 and y?
33
Suppose d - 10 = -0*d. Let u be ((-16)/d)/(26/(-4745)). What is the greatest common divisor of u and 73?
73
Let o = 4 + 0. Let z be (2 - 8)*(-2)/o. Suppose -5*c = -8*c - i + 108, 9*c = 3*i + 270. Calculate the highest common factor of c and z.
3
Suppose -3*c - 11*d = -15*d - 18574, 0 = 5*c + 3*d - 30976. Calculate the highest common factor of c and 114.
38
Let g(v) = v**3 + 16*v**2 + 27*v - 9. Let a be g(-9). What is the highest common factor of 175 and a?
35
Let o(b) = -3*b**3 + 5*b**2 + 6*b. Let i be o(-1). Suppose 2*g - 4*r - 26 = 56, g + i*r = 45. Calculate the greatest common divisor of 301 and g.
43
Let f be ((-6)/7)/(33/(-770)*5). Suppose -4*t - f*d + 636 = 0, d + d + 2 = 0. Calculate the greatest common divisor of 10 and t.
10
Suppose 0 = 57*l + 17 + 97. Let d be ((-702)/(-36))/(l/(-4)). What is the greatest common factor of 624 and d?
39
Let u be ((-196)/(-42))/(12/2898). Calculate the highest common factor of u and 115.
23
Let d(f) = f**3 + 47*f**2 + 2*f + 101. Let i be d(-47). What is the highest common divisor of 217 and i?
7
Suppose 0 = 103*l + 124636 - 553116. Calculate the greatest common divisor of l and 160.
160
Let a(l) = 3*l + 55. Let r be a(-19). Let o be (r*4)/((-1)/2*2). What is the highest common factor of o and 184?
8
Suppose -3*n = 5*k - 460, -3*k - 84 = -2*n + 229. What is the greatest common divisor of n and 1705?
155
Let x be 136 + (-3 - (-2 + 2)). Suppose 42 = 4*d - 5*w + 4, -5*d = -4*w - 43. What is the highest common factor of x and d?
7
Let s be 59 + 4 + (-1)/(-1) + 4. Let v(o) = 6*o + 172. Let n be v(-23). What is the greatest common divisor of s and n?
34
Let x = 1064 + -673. Let p(u) = -89*u - 9500. Let a be p(-107). Calculate the highest common divisor of x and a.
23
Let q = 65 - -3. Suppose 3*x - 71 = -q. Let v be 101*x + 3 + 1. Calculate the highest common factor of 42 and v.
21
Let j(p) = -32*p + 188. Let b be j(5). Suppose 2 - 6 = -c. Suppose -70 = -5*w - n, -c*w - n = -2*w - b. What is the greatest common divisor of 7 and w?
7
Let m(h) = -5*h + h**2 + 8*h - h**3 + 0*h**2 + h. Let y be m(-3). Let j be (1 - 3/5) + (-4366)/(-185). Calculate the highest common divisor of y and j.
24
Let z be (94/47)/(2/16*1). Suppose 4*k = z, k = -5*a - 0*k + 1049. Calculate the greatest common factor of a and 11.
11
Let h(w) = 3*w**2 - 203*w - 1343. Let v be h(-7). Calculate the highest common divisor of v and 171.
9
Let d(q) = q**3 - 17*q**2 - 4*q + 201. Let n be d(17). What is the highest common factor of n and 18221?
133
Let g = 6844 + -5051. Calculate the highest common divisor of g and 2282.
163
Let b be (1 + (-3502)/(-8))*8196/6147. What is the highest common divisor of b and 3195?
45
Let a be (-5 - (-48)/6) + -27. Let d be ((-15)/4 + 1)/(a/480). What is the highest common divisor of d and 33?
11
Let u = 11677 - 11653. Calculate the highest common factor of 15972 and u.
12
Let k = -211 - -262. Suppose 5*v - 601 = -k. Calculate the greatest common divisor of 10 and v.
10
Let i = 118 - -123. Let k = -163 + i. What is the highest common divisor of k and 6?
6
Suppose -49*a - 40 = -530. Suppose 752 = a*p + 132. What is the greatest common factor of p and 4?
2
Let j = 13896 + -13880. What is the highest common factor of 9136 and j?
16
Suppose 67803 + 85380 = 13*s + 7323. What is the highest common factor of s and 255?
255
Let i(j) = -79*j - 122. Let p(h) = -79*h - 124. Let c(d) = -6*i(d) + 7*p(d). Let y be c(-4). Calculate the greatest common divisor of 10 and y.
10
Let k(n) = -n**2 + 8*n + 81. Let b be k(12). Let a = -13 + b. Calculate the highest common divisor of 20 and a.
20
Let n(l) = 10*l - 5. Let z(s) = 20*s - 8. Let h(j) = 11*n(j) - 6*z(j). Let y be h(-7). What is the greatest common divisor of y and 7?
7
Let f = 28 - 9. Let l(o) = o + 14. Let r be l(-11). Let z be 38/(-3 + 2 + r). Calculate the highest common divisor of z and f.
19
Let k = -498 + 379. Let s = k - -209. What is the greatest common divisor of s and 20?
10
Let i be (-6 + 501)*(-16)/(-12). Let k be i/65 - 4/26. Suppose -h - 4 + k = r, -3*h - 2*r = -14. Calculate the greatest common divisor of 16 and h.
2
Let w = 17 + -12. Suppose 5*p - 210 = 5*u, -w*u + 70 + 160 = 5*p. Calculate the greatest common divisor of 55 and p.
11
Let i = 14258 + -14253. Calculate the highest common factor of 278 and i.
1
Suppose 13570 = 69*h - 59*h. Calculate the greatest common factor of h and 118.
59
Let f(x) = 20*x**3 + 4*x**2 + 6*x + 4. Let s be f(2). Calculate the greatest common factor of s and 144.
48
Let r = 145 - 147. Let s be (-74)/(-8) - ((-14)/8 - r). What is the greatest common divisor of s and 99?
9
Let m(c) = 91*c - 2. Let a be m(2). Let f be 27/(-15)*(-3 - -103)/(-4). What is the greatest common divisor of a and f?
45
Let p = 102 + -60. Let c(o) = 2*o**2 + 16*o + 23. Let y(j) = 9*j**3 - 5*j - 6. Let w be y(-1). Let g be c(w). Calculate the highest common factor of g and p.
21
Let v(m) = -m**3 + 4*m + 14. Suppose 13*y = -2*n + 17*y + 16, -5*y - 20 = n. Let p be v(n). What is the greatest common factor of p and 406?
14
Let o be -40*(((-55)/(-10))/11 + 0). Let v(m) = m**2 + 11*m + 66. Let l be v(o). Calculate the highest common divisor of 6 and l.
6
Let c = -31272 - -31410. What is the greatest common factor of 1182 and c?
6
Let f = 2860 - 2713. What is the highest common divisor of f and 1715?
49
Let s = -137 - -167. Let i be 5/(-25) + 36/s. Suppose -6*x + 35 = -x. What is the greatest common divisor of x and i?
1
Suppose 0 = -2*q - 2*q + 60. Let k = 880 + -867. Suppose -k*g = -q*g + 84. What is the greatest common divisor of g and 294?
42
Let q(o) be the first derivative of 16 - 14*o - 17/2*o**2. Let r be q(-6). Calculate the highest common factor of 11 and r.
11
Suppose 0 = 5*u - 3*a + 4*a - 118, -5*a = 10. Suppose -2*d + 36 = -u. Suppose 8*x = 11*x - d. What is the greatest common divisor of 4 and x?
2
Let a = -163 - 25. Let g = a - -194. Calculate the greatest common factor of g and 18.
6
Let c be (63/(-6))/(6/(-100)). Suppose 3*b + 121 - c = 0. What is the highest common divisor of 63 and b?
9
Let t be (-13 - 2)/(3 - (-189)/(-60)). Suppose 5*y - 4*y = t. What is the greatest common factor of 25 and y?
25
Suppose 0 = -4*i - 71 + 623. Let o(j) = 110*j - 4060. Let r be o(39). C